44, -m = -3*d + 152. Suppose 6*s - d = -1213. Let w = -87 - s. What is the units digit of w?
7
Let f be 8*((-962)/36 - (-8)/36). Suppose 38*k + 395 = 33*k. Let i = k - f. What is the hundreds digit of i?
1
Suppose 12*b - 72565 = 40475. What is the units digit of b?
0
Suppose w = -3*f - 998, 4*w - 5*f = -0*w - 3992. Let a = w + 1423. What is the hundreds digit of a?
4
Let z(j) = 339*j**2 + 3*j + 2. Let d = -386 + 388. What is the hundreds digit of z(d)?
3
Suppose 0 = -747*q + 734*q + 6513. What is the tens digit of -2 - q*6/(-18)?
6
Suppose 4*t = 14 - 2. Let k be ((3 - -1) + t/(-1))*5. Suppose -k*m + 123 = 13. What is the units digit of m?
2
Let b(z) = -121*z**3 - 7*z**2 + 36*z + 99. What is the hundreds digit of b(-4)?
5
Let a(p) = 3*p**2 + 13*p - 13. Let t(f) = 7*f**2 + 26*f - 27. Let q(u) = -5*a(u) + 2*t(u). Let v(h) = -16*h + 5. Let i be v(1). What is the units digit of q(i)?
3
Let f(w) = 28731*w + 3951. What is the tens digit of f(2)?
1
Let h = 40 + -44. Let i be (-9)/6 - 2086/h. Suppose -3*v = 2*v - i. What is the units digit of v?
4
Let r be (-10)/(-3) - (-1)/15*-5. Suppose 6*n = -u + r*n - 56, 0 = -2*u + n - 105. Let k = 67 + u. What is the units digit of k?
4
Suppose -5*y + 20151 = 2*x, -6*y + 4*y - 30198 = -3*x. What is the thousands digit of x?
0
Let q be ((14/7)/(-6))/((-2)/264). Suppose 27 = -2*f + 3. What is the units digit of (22*q/6)/((-8)/f)?
2
Let l(u) = 56*u + 26. Let y be l(14). Suppose -4*p + y = 2*p. Suppose 62*i + p = 63*i. What is the units digit of i?
5
Let f = -30734 - -61077. What is the ten thousands digit of f?
3
Let t = 82 + -39. Suppose -4*x = 5*i + t + 12, i + 2*x = -17. What is the tens digit of -1 + 2 - (i + -31)?
3
Let l(d) = 179*d**2 + 2*d + 8. Suppose -r - 3 = -5*r + y, 0 = -5*y + 25. What is the tens digit of l(r)?
2
Suppose 3*d + 213 = -5*y + 2393, 0 = -5*y - 25. Let a = -428 + d. What is the hundreds digit of a?
3
Let w(j) = 5*j**3 - 4*j + 14. Let k(z) = -7*z**3 + 6*z - 21. Let i(m) = 5*k(m) + 8*w(m). Let v be i(3). Suppose -v = -c - 0*c. What is the tens digit of c?
3
Let b be (-2)/5 + (-18408)/(-20) + 0. Let l = 1914 - b. What is the hundreds digit of l?
9
Let n(x) = -x**2 - 4*x. Let k be n(-2). Let d be k/(-16)*0 + 1. What is the units digit of -2 - 1 - -64*d?
1
Suppose -431 - 834 = -5*h. Let z = -231 - -79. Let j = h + z. What is the units digit of j?
1
Suppose -758 = -3*f - 3*n + 3949, -3*n = 5*f - 7839. Let o = -644 + f. What is the tens digit of o?
2
Suppose 3*n = 5*j - 822, -5*j + 0*j + 820 = -5*n. Let l = 231 - j. Suppose 9*m - 78 = l. What is the units digit of m?
6
Let u = -64 + 68. Suppose 0 = 2*g - 2, u*f + 5*g = 1919 - 154. What is the tens digit of f?
4
Suppose 8 = -2*i, 5*i = 5*u - 0*u - 43705. What is the hundreds digit of u?
7
Let l(j) = 12*j**3 - j**2 + 3*j + 10. Let n(t) = t**2 + 5*t + 7. Let a be n(-4). What is the units digit of l(a)?
4
Suppose -306 = -14*s + 11*s + 2*k, 5*k + 515 = 5*s. What is the tens digit of (-11 - 225)*(s/(-16) - 1)?
1
Suppose 2*i + 309 = 3*i. Suppose -948 = 6*b + 252. Let q = i + b. What is the tens digit of q?
0
Let a = -5591 - -22075. What is the hundreds digit of a?
4
Suppose 7*l = 12*l - 285. Suppose -l*n + 55*n = -612. Suppose -288 = -6*w + n. What is the units digit of w?
9
Suppose c + 4*g - 1748 = 0, 2*g = 3*c - 4822 - 506. What is the tens digit of c?
7
Let q(m) = m**3 + 2*m + 23. Let z be 4/(-26) - 4/(-26). Let d be q(z). Suppose 3*o + d = 4*o + l, 5*l + 10 = 0. What is the units digit of o?
5
Suppose 14*k + 33272 = k + 17*k. What is the units digit of k?
8
Suppose -4 = -4*o, -w + 18*o = 17*o - 1865. What is the hundreds digit of w?
8
Suppose -4992*k + 5107*k = 5937105. What is the ten thousands digit of k?
5
Let i(v) = 10*v + 60. Let s be i(-4). Suppose s*z = 29*z - 7839. What is the tens digit of z?
7
Let f(n) = 220*n - 11. Let g(y) = y**3 + 9*y**2 + 11*y - 18. Let x be g(-7). What is the tens digit of f(x)?
4
Let g(i) = 4*i + 90. Let p be g(-23). What is the hundreds digit of ((-1686)/(-3))/(p + 10/4)?
1
Let n = -424 + 424. Suppose n = -h - 2*i + 27 - 30, 31 = 3*h - 4*i. What is the units digit of h?
5
Suppose 25*g - 122358 = -1586 + 199353. What is the tens digit of g?
0
Let b(v) = -v**3 + 5*v**2 + 49*v - 232. Let s be b(7). Suppose 2442 = 2*m - 4204. Suppose -s*h - 151 = -m. What is the hundreds digit of h?
2
Suppose -33436 = -55*k + 3*k. What is the units digit of k?
3
Let s(x) = -86*x - 224. Let o be s(-5). Suppose -3*d + o = -103. What is the hundreds digit of d?
1
Suppose 2*b + 3*b + 4*i - 191 = 0, 0 = 2*b - i - 66. Suppose -31*w + b*w = -100. Let z(m) = m**2 + 21*m - 5. What is the tens digit of z(w)?
9
Suppose 18*r - 159429 = 196009 - 119314. What is the units digit of r?
8
Let r(u) = -15*u + 13. Let n be r(-35). Let i = 1071 - n. What is the hundreds digit of i?
5
Let y = 451 + -447. Suppose -y*b = 22*s - 18*s - 3776, -5*b - 2*s = -4720. What is the units digit of b?
4
Let j = 33 + -42. Let v be j/18 - 18/(-4). Suppose 3*d - 58 = 2*y + 254, -5*d - v*y + 520 = 0. What is the units digit of d?
4
Suppose -112*t = -114*t - 4*h + 54520, 2*h + 27284 = t. What is the hundreds digit of t?
2
Let v be (36/15)/(-1 - 26/(-30)). Let q be (v/5)/(174/30 + -6). What is the units digit of -14*(-1)/q - (-20)/90?
1
Let q(u) = 47*u + 4. Let j be q(1). Let x = 53 - j. Suppose 205 = 2*v - 5*h, -2*h - x*h = v - 70. What is the tens digit of v?
9
What is the hundreds digit of (-780)/2*(-87 - -85)?
7
Suppose -351*j + 11186355 - 1672851 = 0. What is the hundreds digit of j?
1
Let m(h) be the second derivative of 1/6*h**4 + 11/6*h**3 + 0 + 39*h - 11*h**2. What is the units digit of m(-11)?
9
Suppose 4*v - 25900 = -2*i + 129980, 77956 = 2*v + 3*i. What is the thousands digit of v?
8
Let q(j) = 4*j**3 + 2*j**2 - 14*j + 96. Let s be q(6). Suppose -6*w = -2*w - 3*b - 756, 5*w - 3*b = s. What is the units digit of w?
2
Let l be (-60)/(-100)*(4 - -1). Let z be 10/l*(-90)/(-20). Suppose z*a = 20*a - 170. What is the units digit of a?
4
What is the hundreds digit of ((-275)/4 - -1)/((-13)/884)?
6
Let x = 1695 + 8382. What is the ten thousands digit of x?
1
What is the units digit of 24555 - -326 - (-1 + 1 + -2)?
3
Let o(b) = -3*b + 23. Let t be o(-21). What is the hundreds digit of (-5)/35 + t*75/21?
3
What is the hundreds digit of (1*-4 + 220/(-11))/(3/(-2298))?
3
Let f be (-1)/(-3) + (3 - (-768)/(-9)). Let w = -151 - f. Let a = 239 + w. What is the tens digit of a?
7
Let u be 456/(-32) - 2/(-8). Let a = 12 + u. Let b(c) = -26*c - 6. What is the tens digit of b(a)?
4
Let w = 619 - -12417. What is the tens digit of w?
3
Suppose 0 = 5*m + 4*w - 285, -m - 5*w = -10*w - 28. Suppose 0 = -m*j + 50*j. Suppose u - 2*u + 62 = j. What is the tens digit of u?
6
Suppose 47*c + 72*c - 1429614 = 427143. What is the hundreds digit of c?
6
Let n = 25623 + -18273. Suppose -2*h + n = 5*h. What is the thousands digit of h?
1
Suppose -55075 = -31*x + 46171. What is the hundreds digit of x?
2
Suppose -4*k + 5*z + 103 = 0, -2*k + 3*z + 33 = -16. Suppose k*m - 66 = 30*m. Let p = m + 28. What is the units digit of p?
1
Let q(t) = -3*t**3 - 79*t**2 + 290*t - 17. What is the tens digit of q(-35)?
8
Let t = -99 - -101. What is the units digit of -1114*t/(-16) - 5/20?
9
Suppose 403 = -l + 478. Let g = l + 48. What is the tens digit of g?
2
Let j(k) = -k**2 + 19*k - 60. Let i be j(15). Suppose 112 = f - l - 78, 4*f - l - 748 = i. What is the hundreds digit of f?
1
Let o(f) = -34*f**3 + 9*f**2 + 11*f - 42. Let h be o(-5). Let j = -3047 + h. What is the tens digit of j?
3
Let w be (-3 - 775/(-35)) + 2/(-14). Suppose 14 = t - w. Suppose 2*o = 3*o - t. What is the tens digit of o?
3
Let u be 2650/(-50) - (-1 - (-1 - 0)). Let j = 53 + u. Suppose 50*p - 44*p - 420 = j. What is the tens digit of p?
7
Let t be 3*1 + -54 + 51. Suppose -10*f + t*f = -750. What is the tens digit of f?
7
Suppose 127*m - 149211 = 45*m - 15305. What is the units digit of m?
3
Let c(j) = -12*j**2 + 18*j - 74. Let x be c(5). Let a = x + 321. What is the tens digit of a?
3
Let n(f) = -12*f**2 - 3*f + 56. Let y(d) = -d**2 - 3. Let z(p) = -n(p) + 3*y(p). What is the tens digit of z(-7)?
5
Let d(j) = -4*j + 11 + 77 + 1 + 16. What is the tens digit of d(-25)?
0
Suppose -4*v = -v - 288. Suppose z + v = 8. Let b = 175 + z. What is the 